030500
-21022216 (base 8) to base 9
-8355836
What is -1110001101000111101 (base 2) in base 7?
-3646024
What is 60a77 (base 12) in base 11?
86698
What is -2b489 (base 13) in base 9?
-134527
102051 (base 11) to base 13
59708
11111101101111101 (base 2) to base 12
63225
6363c (base 14) to base 13
852b4
What is -33105a2 (base 12) in base 2?
-100101000110100001001010
What is -103094 (base 10) in base 4?
-121022312
What is -316664 (base 8) in base 14?
-2a84c
What is -15517a4 (base 12) in base 5?
-2102233214
What is -22144767 (base 8) in base 6?
-250124411
What is 2010032303 (base 4) in base 12?
22152b
Convert 3273464 (base 8) to base 10.
882484
Convert 145b6a (base 12) to base 4.
1103201002
What is d488 (base 16) in base 6?
1055520
Convert 112322313200 (base 4) to base 8.
26726740
-261a0a (base 12) to base 13
-18b79a
Convert -505612 (base 8) to base 16.
-28b8a
55171 (base 9) to base 4
20323303
-714620 (base 8) to base 12
-b4640
-297403 (base 16) to base 14
-50a083
What is 1513a1 (base 14) in base 2?
10110011000011000001
Convert -40a98 (base 11) to base 6.
-1141121
-32767016 (base 8) to base 5
-3302321134
What is 461574 (base 8) in base 11?
a767a
What is -10132020 (base 7) in base 16?
-cf17d
Convert -98461 (base 10) to base 8.
-300235
21003234 (base 5) to base 15
360ce
8b074 (base 15) to base 7
3521212
What is 1335269 (base 12) in base 9?
7136620
Convert 1113506 (base 7) to base 5.
13410022
What is -10021201012 (base 3) in base 5?
-4032140
-a3a89 (base 12) to base 13
-765a5
Convert -1191964 (base 11) to base 13.
-574a01
Convert 30d8cb (base 15) to base 2.
1000110111011000010111
-1011011100111 (base 2) to base 16
-16e7
What is 3030705 (base 8) in base 6?
25043513
Convert 600424 (base 7) to base 14.
28b84
Convert 2e0a4 (base 15) to base 2.
100100010010101110
What is 1cbb3 (base 16) in base 10?
117683
-4020533 (base 9) to base 10
-2139321
Convert 661aa8 (base 11) to base 9.
1880604
Convert -100000100111011001001000 (base 2) to base 13.
-1a04863
-2112384 (base 10) to base 11
-121307a
1278f (base 16) to base 13
28593
Convert -11201311 (base 5) to base 3.
-12002110100
-13b0556 (base 12) to base 3
-21110020222010
Convert -121321011200 (base 4) to base 11.
-3916546
Convert -b913c (base 14) to base 5.
-103310042
Convert -6a5b37 (base 13) to base 10.
-2526258
What is -1011100110011111110101 (base 2) in base 9?
-5644747
22a823 (base 13) to base 15
113d09
-8bd84 (base 14) to base 11
-212641
What is -102221013211 (base 4) in base 7?
-56352565
What is 72a58 (base 15) in base 10?
363458
Convert -1342645 (base 7) to base 16.
-2b9ff
Convert -6010160 (base 7) to base 10.
-708386
310220310 (base 4) to base 8
645064
Convert -3303046 (base 9) to base 3.
-10100010001120
Convert 138542 (base 9) to base 4.
110300033
What is -6d6d91 (base 15) in base 8?
-23765666
-1334014 (base 6) to base 11
-51181
Convert 708657 (base 9) to base 10.
419713
What is 303131110 (base 4) in base 16?
33754
-79391 (base 12) to base 8
-472735
c035fa (base 16) to base 5
11211043410
Convert 23682 (base 9) to base 6.
201245
What is -2a02d (base 16) in base 15?
-35ebc
-1001101000100110000 (base 2) to base 10
-315696
Convert -1acb90 (base 13) to base 5.
-133411433
Convert 2031513 (base 6) to base 8.
276505
What is -111011011110111 (base 2) in base 13?
-10b29
What is 1022112301033 (base 4) in base 2?
1001010010110110001001111
Convert -24c841 (base 14) to base 15.
-19e72a
2302313201 (base 4) to base 5
141421031
Convert 23013313002 (base 4) to base 13.
7b1218
What is -11010101000011011 (base 2) in base 5?
-11442313
-816339 (base 11) to base 12
-532b28
Convert -16518 (base 12) to base 7.
-161561
What is 71348 (base 10) in base 12?
35358
What is -2011125 (base 6) in base 4?
-113022131
Convert 13781667 (base 9) to base 2.
11010000110111111101111
Convert -105120313 (base 6) to base 16.
-1d5935
Convert -785026 (base 10) to base 2.
-10111111101010000010
What is 141121400 (base 5) in base 15?
e44d5
53130021 (base 7) to base 5
2122312222
Convert -350602 (base 7) to base 13.
-2271a
-4622315 (base 8) to base 7
-13443512
c743 (base 15) to base 5
2322023
Convert 14a3a (base 13) to base 5.
2222323
-213431214 (base 5) to base 7
-10553401
116024b (base 12) to base 8
14641533
What is 2020021313 (base 4) in base 14?
10734b
Convert -1949a89 (base 11) to base 4.
-30203323012
What is -203929 (base 11) in base 12?
-13943b
Convert 160d9 (base 16) to base 12.
44335
What is 45217a3 (base 12) in base 13?
2983c50
What is -2446693 (base 11) in base 5?
-2042122304
Convert -aa41d1 (base 16) to base 13.
-2408964
-110101011110101001011 (base 2) to base 3
-10022000211112
Convert -1122101101202 (base 3) to base 10.
-873632
-312151 (base 11) to base 15
-9d508
Convert 20022221012022 (base 3) to base 4.
30311121332
-596583 (base 11) to base 9
-1701234
What is 21310313122 (base 4) in base 15?
35d324
Convert -1211415 (base 8) to base 3.
-121220011221
-37411 (base 9) to base 4
-12020200
What is 55524414 (base 6) in base 11?
a44877
Convert 59670 (base 13) to base 5.
20214213
What is -9235 (base 10) in base 3?
-110200001
What is 156a7 (base 14) in base 5?
3202314
What is -2a0ba (base 15) in base 14?
-37395
What is -10001011100000100001 (base 2) in base 8?
-2134041
What is -14c57aa (base 14) in base 10?
-10157066
1df91 (base 16) to base 8
357621
What is 1a9b77 (base 15) in base 7?
14015653
Convert 115611 (base 13) to base 12.
17a423
Convert 2494556 (base 11) to base 13.
b8582b
Convert -31d4b0 (base 14) to base 11.
-a53659
What is 12db47 (base 14) in base 10?
652547
Convert -1330020232 (base 4) to base 2.
-1111100001000101110
Convert 37a34 (base 14) to base 16.
2150e
Convert 111111011011010111 (base 2) to base 9.
435335
Convert 14462650 (base 8) to base 15.
453934
cd910d (base 15) to base 4
211120320112
What is 22e3c (base 16) in base 3?
21021000220
Convert 31b1359 (base 12) to base 8.
43777665
What is 1223103110 (base 4) in base 2?
1101011010011010100
3340101 (base 5) to base 11
40183
Convert -14320130 (base 6) to base 10.
-492534
Convert -1175353 (base 14) to base 2.
-11111110110101110111101
Convert 1cd32 (base 14) to base 16.
120d0
What is 60a36 (base 13) in base 4?
222100231
What is -945314 (base 14) in base 13?
-1064870
Convert 10112111 (base 4) to base 6.
214245
55973a (base 12) to base 3
2120022200001
Convert -2898465 (base 10) to base 13.
-7a638b
What is d595c0 (base 15) in base 4?
212233222020
What is 16767 (base 8) in base 16?
1df7
What is 16646422 (base 7) in base 5?
410022103
What is -1511165 (base 14) in base 8?
-47107205
Convert 11110202100121 (base 3) to base 7.
26126305
1211000021022 (base 3) to base 6
32402012
-6a15a9 (base 11) to base 4
-10100022103
-22101305 (base 8) to base 4
-102020023011
Convert -770247 (base 9) to base 3.
-212100021121
Convert -4147551 (base 9) to base 7.
-24561265
-113220300331 (base 4) to base 7
-103444654
What is -3162d5 (base 14) in base 8?
-6273503
Convert 11022020 (base 5) to base 6.
2013004
Convert -518511 (base 11) to base 9.
-1506122
Convert 6a007 (base 11) to base 14.
28c1d
Convert -1fa6f (base 16) to base 5.
-13122042
Convert 241410041 (base 5) to base 2.
100010010000011011001
-52200022 (base 8) to base 2
-101010010000000000010010
Convert 60712 (base 10) to base 11.
41683
-1140245 (base 7) to base 15
-2cacb
2116266 (base 10) to base 13
591339
-10101121322 (base 4) to base 8
-4213172
-110221001001 (base 3) to base 5
-31120244
Convert 1969681 (base 10) to base 8.
7407021
What is -1288332 (base 10) in base 5?
-312211312
-100101001110011 (base 2) to base 8
-45163
Convert -5a099 (base 11) to base 15.
-1a9ed
117246 (base 11) to base 10
185301
What is -1000110110010111011110 (base 2) in base 9?
-4325187
What is -14312413 (base 7) in base 3?
-2112110220111
What is 132310201003 (base 4) in base 5?
4032020202
-1ae6a (base 15) to base 12
-42861
What is 10010301202 (base 4) in base 6?
34521014
887848 (base 9) to base 4
2001203303
What is 101110010000110100 (base 2) in base 14?
4d0b2
What is 454772 (base 14) in base 11?
1369a69
Convert -31664561 (base 7) to base 13.
-739403
36176a (base 13) to base 10
1288713
Convert -4100231 (base 6) to base 2.
-101111011110111011
4b7e09 (base 15) to base 16
374127
What is 4544b9 (base 12) in base 5?
240403022
What is -a05580 (base 11) in base 8?
-6127702
1613840 (base 9) 